{"id":953,"date":"2024-05-07T16:57:35","date_gmt":"2024-05-07T19:57:35","guid":{"rendered":"https:\/\/projetocasademaria.com\/?post_type=product&#038;p=953"},"modified":"2025-03-25T13:49:28","modified_gmt":"2025-03-25T16:49:28","slug":"chaveiro-frevo","status":"publish","type":"product","link":"https:\/\/projetocasademaria.com\/index.php\/product\/chaveiro-frevo\/","title":{"rendered":"Chaveiro Frevo"},"content":{"rendered":"<p>O chaveiro Frevo n\u00e3o \u00e9 apenas um acess\u00f3rio funcional, mas sim um pequeno tesouro que representa a rica cultura e tradi\u00e7\u00e3o dessa dan\u00e7a brasileira. Com seus elementos encantadores, como o Papangu, o Galo da Madrugada, a Sapatilha de Frevo e a Sombrinha, ele celebra vibrante e vividamente uma das dan\u00e7as mais marcantes e alegres do Brasil.<\/p>\n<p>Al\u00e9m disso, \u00e9 uma lembran\u00e7a que presta tributo \u00e0 rica heran\u00e7a cultural do Brasil, especialmente da regi\u00e3o Nordeste, celebrando a m\u00fasica, a dan\u00e7a, a alegria e a diversidade que tornam o Frevo t\u00e3o especial. Este chaveiro faz parte da cole\u00e7\u00e3o &#8220;Capiba Pelas Ruas Eu Vou&#8221;, criada pela designer paulistana Luly Vianna.<\/p>\n","protected":false},"excerpt":{"rendered":"<p>Elementos representativos da rica cultura e tradi\u00e7\u00e3o do frevo, como o Papangu, o Galo da Madrugada, a sapatilha de frevo e a sombrinha.<\/p>\n","protected":false},"featured_media":954,"comment_status":"open","ping_status":"closed","template":"","meta":{"neve_meta_sidebar":"","neve_meta_container":"","neve_meta_enable_content_width":"off","neve_meta_content_width":100,"neve_meta_title_alignment":"","neve_meta_author_avatar":"","neve_post_elements_order":"","neve_meta_disable_header":"","neve_meta_disable_footer":"","neve_meta_disable_title":"","neve_meta_reading_time":"","_themeisle_gutenberg_block_has_review":false},"product_brand":[],"product_cat":[21,52,44,55],"product_tag":[],"class_list":{"0":"post-953","1":"product","2":"type-product","3":"status-publish","4":"has-post-thumbnail","6":"product_cat-acessorios","7":"product_cat-amigurumi","8":"product_cat-capiba","9":"product_cat-croche","11":"first","12":"instock","13":"shipping-taxable","14":"purchasable","15":"product-type-simple"},"_links":{"self":[{"href":"https:\/\/projetocasademaria.com\/index.php\/wp-json\/wp\/v2\/product\/953","targetHints":{"allow":["GET"]}}],"collection":[{"href":"https:\/\/projetocasademaria.com\/index.php\/wp-json\/wp\/v2\/product"}],"about":[{"href":"https:\/\/projetocasademaria.com\/index.php\/wp-json\/wp\/v2\/types\/product"}],"replies":[{"embeddable":true,"href":"https:\/\/projetocasademaria.com\/index.php\/wp-json\/wp\/v2\/comments?post=953"}],"wp:featuredmedia":[{"embeddable":true,"href":"https:\/\/projetocasademaria.com\/index.php\/wp-json\/wp\/v2\/media\/954"}],"wp:attachment":[{"href":"https:\/\/projetocasademaria.com\/index.php\/wp-json\/wp\/v2\/media?parent=953"}],"wp:term":[{"taxonomy":"product_brand","embeddable":true,"href":"https:\/\/projetocasademaria.com\/index.php\/wp-json\/wp\/v2\/product_brand?post=953"},{"taxonomy":"product_cat","embeddable":true,"href":"https:\/\/projetocasademaria.com\/index.php\/wp-json\/wp\/v2\/product_cat?post=953"},{"taxonomy":"product_tag","embeddable":true,"href":"https:\/\/projetocasademaria.com\/index.php\/wp-json\/wp\/v2\/product_tag?post=953"}],"curies":[{"name":"wp","href":"https:\/\/api.w.org\/{rel}","templated":true}]}}