{"id":951,"date":"2024-05-07T16:49:43","date_gmt":"2024-05-07T19:49:43","guid":{"rendered":"https:\/\/projetocasademaria.com\/?post_type=product&#038;p=951"},"modified":"2025-03-26T15:18:50","modified_gmt":"2025-03-26T18:18:50","slug":"bolsa-papangu","status":"publish","type":"product","link":"https:\/\/projetocasademaria.com\/index.php\/product\/bolsa-papangu\/","title":{"rendered":"Bolsa Papangu"},"content":{"rendered":"<p>A bolsa Papangu celebra a autenticidade e o esp\u00edrito l\u00fadico dessa figura emblem\u00e1tica. Detalhes cuidadosamente trabalhados capturam sua ess\u00eancia, transformando-a em uma pe\u00e7a que \u00e9 tanto pr\u00e1tica quanto uma obra de arte. Vers\u00e1til para uso em diversas ocasi\u00f5es, desde sa\u00eddas casuais at\u00e9 eventos especiais, ela adiciona charme e alegria aos seus looks. Feita em croch\u00ea, \u00e9 parte da cole\u00e7\u00e3o &#8220;Capiba Pelas Ruas Eu Vou&#8221;, da designer paulistana Luly Vianna.<\/p>\n","protected":false},"excerpt":{"rendered":"<p>A bolsa Papangu celebra a autenticidade e o esp\u00edrito l\u00fadico dessa figura emblem\u00e1tica. Detalhes cuidadosamente trabalhados capturam sua ess\u00eancia, transformando-a em uma pe\u00e7a que \u00e9 tanto pr\u00e1tica quanto uma obra de arte. Vers\u00e1til para uso em diversas ocasi\u00f5es, desde sa\u00eddas casuais at\u00e9 eventos especiais, ela adiciona charme e alegria aos seus looks. Feita em croch\u00ea,&hellip;&nbsp;<a href=\"https:\/\/projetocasademaria.com\/index.php\/product\/bolsa-papangu\/\" class=\"\" rel=\"bookmark\">Continue a ler &raquo;<span class=\"screen-reader-text\">Bolsa Papangu<\/span><\/a><\/p>\n","protected":false},"featured_media":952,"comment_status":"open","ping_status":"closed","template":"","meta":{"neve_meta_sidebar":"","neve_meta_container":"","neve_meta_enable_content_width":"off","neve_meta_content_width":100,"neve_meta_title_alignment":"","neve_meta_author_avatar":"","neve_post_elements_order":"","neve_meta_disable_header":"","neve_meta_disable_footer":"","neve_meta_disable_title":"","neve_meta_reading_time":"","_themeisle_gutenberg_block_has_review":false},"product_brand":[],"product_cat":[19,44,55,30],"product_tag":[],"class_list":{"0":"post-951","1":"product","2":"type-product","3":"status-publish","4":"has-post-thumbnail","6":"product_cat-bolsas","7":"product_cat-capiba","8":"product_cat-croche","9":"product_cat-sale","11":"first","12":"instock","13":"sale","14":"shipping-taxable","15":"purchasable","16":"product-type-variable"},"_links":{"self":[{"href":"https:\/\/projetocasademaria.com\/index.php\/wp-json\/wp\/v2\/product\/951","targetHints":{"allow":["GET"]}}],"collection":[{"href":"https:\/\/projetocasademaria.com\/index.php\/wp-json\/wp\/v2\/product"}],"about":[{"href":"https:\/\/projetocasademaria.com\/index.php\/wp-json\/wp\/v2\/types\/product"}],"replies":[{"embeddable":true,"href":"https:\/\/projetocasademaria.com\/index.php\/wp-json\/wp\/v2\/comments?post=951"}],"wp:featuredmedia":[{"embeddable":true,"href":"https:\/\/projetocasademaria.com\/index.php\/wp-json\/wp\/v2\/media\/952"}],"wp:attachment":[{"href":"https:\/\/projetocasademaria.com\/index.php\/wp-json\/wp\/v2\/media?parent=951"}],"wp:term":[{"taxonomy":"product_brand","embeddable":true,"href":"https:\/\/projetocasademaria.com\/index.php\/wp-json\/wp\/v2\/product_brand?post=951"},{"taxonomy":"product_cat","embeddable":true,"href":"https:\/\/projetocasademaria.com\/index.php\/wp-json\/wp\/v2\/product_cat?post=951"},{"taxonomy":"product_tag","embeddable":true,"href":"https:\/\/projetocasademaria.com\/index.php\/wp-json\/wp\/v2\/product_tag?post=951"}],"curies":[{"name":"wp","href":"https:\/\/api.w.org\/{rel}","templated":true}]}}