{"id":914,"date":"2024-05-07T14:20:58","date_gmt":"2024-05-07T17:20:58","guid":{"rendered":"https:\/\/projetocasademaria.com\/?post_type=product&#038;p=914"},"modified":"2025-02-27T16:21:13","modified_gmt":"2025-02-27T19:21:13","slug":"bolsa-rosa-amarela-g","status":"publish","type":"product","link":"https:\/\/projetocasademaria.com\/index.php\/product\/bolsa-rosa-amarela-g\/","title":{"rendered":"Bolsa Rosa Amarela"},"content":{"rendered":"<p>A bolsa Rosa Amarela \u00e9 uma explos\u00e3o de cores que transmite alegria e charme. Al\u00e9m de ser uma declara\u00e7\u00e3o de estilo, \u00e9 uma celebra\u00e7\u00e3o da vida em cores vivas. Perfeita para adicionar cor e estilo ao visual em qualquer ocasi\u00e3o, seja na praia, na cidade ou em uma noite com amigos. Al\u00e9m de sua beleza, oferece praticidade e conforto, com um design espa\u00e7oso e funcional para carregar seus itens essenciais com facilidade. Feita em croch\u00ea com detalhes em amigurumi, faz parte da cole\u00e7\u00e3o &#8220;Capiba Pelas Ruas Eu Vou&#8221;, da designer paulistana Luly Vianna.<\/p>\n<p>&nbsp;<\/p>\n","protected":false},"excerpt":{"rendered":"<p>A bolsa Rosa Amarela \u00e9 uma explos\u00e3o de cores que transmite alegria e charme. Al\u00e9m de ser uma declara\u00e7\u00e3o de estilo, \u00e9 uma celebra\u00e7\u00e3o da vida em cores vivas. Perfeita para adicionar cor e estilo ao visual em qualquer ocasi\u00e3o, seja na praia, na cidade ou em uma noite com amigos. Al\u00e9m de sua beleza,&hellip;&nbsp;<a href=\"https:\/\/projetocasademaria.com\/index.php\/product\/bolsa-rosa-amarela-g\/\" class=\"\" rel=\"bookmark\">Continue a ler &raquo;<span class=\"screen-reader-text\">Bolsa Rosa Amarela<\/span><\/a><\/p>\n","protected":false},"featured_media":915,"comment_status":"open","ping_status":"closed","template":"","meta":{"neve_meta_sidebar":"","neve_meta_container":"","neve_meta_enable_content_width":"off","neve_meta_content_width":100,"neve_meta_title_alignment":"","neve_meta_author_avatar":"","neve_post_elements_order":"","neve_meta_disable_header":"","neve_meta_disable_footer":"","neve_meta_disable_title":"","neve_meta_reading_time":"","_themeisle_gutenberg_block_has_review":false},"product_brand":[],"product_cat":[52,19,44,55],"product_tag":[],"class_list":{"0":"post-914","1":"product","2":"type-product","3":"status-publish","4":"has-post-thumbnail","6":"product_cat-amigurumi","7":"product_cat-bolsas","8":"product_cat-capiba","9":"product_cat-croche","11":"first","12":"instock","13":"shipping-taxable","14":"purchasable","15":"product-type-variable"},"_links":{"self":[{"href":"https:\/\/projetocasademaria.com\/index.php\/wp-json\/wp\/v2\/product\/914","targetHints":{"allow":["GET"]}}],"collection":[{"href":"https:\/\/projetocasademaria.com\/index.php\/wp-json\/wp\/v2\/product"}],"about":[{"href":"https:\/\/projetocasademaria.com\/index.php\/wp-json\/wp\/v2\/types\/product"}],"replies":[{"embeddable":true,"href":"https:\/\/projetocasademaria.com\/index.php\/wp-json\/wp\/v2\/comments?post=914"}],"wp:featuredmedia":[{"embeddable":true,"href":"https:\/\/projetocasademaria.com\/index.php\/wp-json\/wp\/v2\/media\/915"}],"wp:attachment":[{"href":"https:\/\/projetocasademaria.com\/index.php\/wp-json\/wp\/v2\/media?parent=914"}],"wp:term":[{"taxonomy":"product_brand","embeddable":true,"href":"https:\/\/projetocasademaria.com\/index.php\/wp-json\/wp\/v2\/product_brand?post=914"},{"taxonomy":"product_cat","embeddable":true,"href":"https:\/\/projetocasademaria.com\/index.php\/wp-json\/wp\/v2\/product_cat?post=914"},{"taxonomy":"product_tag","embeddable":true,"href":"https:\/\/projetocasademaria.com\/index.php\/wp-json\/wp\/v2\/product_tag?post=914"}],"curies":[{"name":"wp","href":"https:\/\/api.w.org\/{rel}","templated":true}]}}