{"id":899,"date":"2024-05-07T11:19:54","date_gmt":"2024-05-07T14:19:54","guid":{"rendered":"https:\/\/projetocasademaria.com\/?post_type=product&#038;p=899"},"modified":"2025-03-26T15:46:44","modified_gmt":"2025-03-26T18:46:44","slug":"vaso-maracatu","status":"publish","type":"product","link":"https:\/\/projetocasademaria.com\/index.php\/product\/vaso-maracatu\/","title":{"rendered":"Vaso Maracatu"},"content":{"rendered":"<p>O vaso Maracatu irradia a vibrante energia e alegria do Maracatu, uma manifesta\u00e7\u00e3o cultural do Nordeste brasileiro. Suas cores vibrantes celebram a rica tradi\u00e7\u00e3o e diversidade cultural da regi\u00e3o. Mais que uma decora\u00e7\u00e3o, \u00e9 uma obra de arte que homenageia a heran\u00e7a cultural, expressando profundo respeito pelo Maracatu. Ao exibi-lo, compartilha-se e celebra-se uma parte importante da cultura brasileira, enchendo a vida de cor, alegria e inspira\u00e7\u00e3o. Parte da cole\u00e7\u00e3o &#8220;Capiba Pelas Ruas Eu Vou&#8221;, da designer paulistana Luly Vianna.<\/p>\n","protected":false},"excerpt":{"rendered":"<p>O vaso Maracatu irradia a vibrante energia e alegria do Maracatu, uma manifesta\u00e7\u00e3o cultural do Nordeste brasileiro. Suas cores vibrantes celebram a rica tradi\u00e7\u00e3o e diversidade cultural da regi\u00e3o. Mais que uma decora\u00e7\u00e3o, \u00e9 uma obra de arte que homenageia a heran\u00e7a cultural, expressando profundo respeito pelo Maracatu. Ao exibi-lo, compartilha-se e celebra-se uma parte&hellip;&nbsp;<a href=\"https:\/\/projetocasademaria.com\/index.php\/product\/vaso-maracatu\/\" class=\"\" rel=\"bookmark\">Continue a ler &raquo;<span class=\"screen-reader-text\">Vaso Maracatu<\/span><\/a><\/p>\n","protected":false},"featured_media":1179,"comment_status":"open","ping_status":"closed","template":"","meta":{"neve_meta_sidebar":"","neve_meta_container":"","neve_meta_enable_content_width":"off","neve_meta_content_width":100,"neve_meta_title_alignment":"","neve_meta_author_avatar":"","neve_post_elements_order":"","neve_meta_disable_header":"","neve_meta_disable_footer":"","neve_meta_disable_title":"","neve_meta_reading_time":"","_themeisle_gutenberg_block_has_review":false},"product_brand":[],"product_cat":[44,20,55],"product_tag":[],"class_list":{"0":"post-899","1":"product","2":"type-product","3":"status-publish","4":"has-post-thumbnail","6":"product_cat-capiba","7":"product_cat-casa","8":"product_cat-croche","10":"first","11":"instock","12":"shipping-taxable","13":"purchasable","14":"product-type-variable"},"_links":{"self":[{"href":"https:\/\/projetocasademaria.com\/index.php\/wp-json\/wp\/v2\/product\/899","targetHints":{"allow":["GET"]}}],"collection":[{"href":"https:\/\/projetocasademaria.com\/index.php\/wp-json\/wp\/v2\/product"}],"about":[{"href":"https:\/\/projetocasademaria.com\/index.php\/wp-json\/wp\/v2\/types\/product"}],"replies":[{"embeddable":true,"href":"https:\/\/projetocasademaria.com\/index.php\/wp-json\/wp\/v2\/comments?post=899"}],"wp:featuredmedia":[{"embeddable":true,"href":"https:\/\/projetocasademaria.com\/index.php\/wp-json\/wp\/v2\/media\/1179"}],"wp:attachment":[{"href":"https:\/\/projetocasademaria.com\/index.php\/wp-json\/wp\/v2\/media?parent=899"}],"wp:term":[{"taxonomy":"product_brand","embeddable":true,"href":"https:\/\/projetocasademaria.com\/index.php\/wp-json\/wp\/v2\/product_brand?post=899"},{"taxonomy":"product_cat","embeddable":true,"href":"https:\/\/projetocasademaria.com\/index.php\/wp-json\/wp\/v2\/product_cat?post=899"},{"taxonomy":"product_tag","embeddable":true,"href":"https:\/\/projetocasademaria.com\/index.php\/wp-json\/wp\/v2\/product_tag?post=899"}],"curies":[{"name":"wp","href":"https:\/\/api.w.org\/{rel}","templated":true}]}}