{"id":69,"date":"2023-08-26T12:39:56","date_gmt":"2023-08-26T15:39:56","guid":{"rendered":"https:\/\/projetocasademaria.com\/?post_type=product&#038;p=69"},"modified":"2025-12-30T14:25:08","modified_gmt":"2025-12-30T17:25:08","slug":"bolsa-bel","status":"publish","type":"product","link":"https:\/\/projetocasademaria.com\/index.php\/product\/bolsa-bel\/","title":{"rendered":"Bolsa Bel"},"content":{"rendered":"<p>Uma das nossas queridinhas! A bolsa Bel faz parte da <strong>cole\u00e7\u00e3o Duo de Cores<\/strong> criada pela designer pernambucana <strong>Gisela Moraes<\/strong>. Ela \u00e9 feita toda em <strong>croch\u00ea<\/strong> com ponto vazado e cores contrastantes. Possui forro interno com bolso para celular e seu fechamento \u00e9 com im\u00e3.<\/p>\n<p>Altura: 29cm &#8211; Comprimento: 37cm &#8211; Profundidade: 15cm &#8211; Al\u00e7a: 54cm.<\/p>\n","protected":false},"excerpt":{"rendered":"<p>Uma das nossas queridinhas! A bolsa Bel faz parte da cole\u00e7\u00e3o Duo de Cores criada pela designer pernambucana Gisela Moraes. Ela \u00e9 feita toda em croch\u00ea com ponto vazado e cores contrastantes. Possui forro interno com bolso para celular e seu fechamento \u00e9 com im\u00e3. Altura: 29cm &#8211; Comprimento: 37cm &#8211; Profundidade: 15cm &#8211; Al\u00e7a:&hellip;&nbsp;<a href=\"https:\/\/projetocasademaria.com\/index.php\/product\/bolsa-bel\/\" class=\"\" rel=\"bookmark\">Continue a ler &raquo;<span class=\"screen-reader-text\">Bolsa Bel<\/span><\/a><\/p>\n","protected":false},"featured_media":793,"comment_status":"open","ping_status":"closed","template":"","meta":{"neve_meta_sidebar":"","neve_meta_container":"","neve_meta_enable_content_width":"off","neve_meta_content_width":100,"neve_meta_title_alignment":"","neve_meta_author_avatar":"","neve_post_elements_order":"","neve_meta_disable_header":"","neve_meta_disable_footer":"","neve_meta_disable_title":"","neve_meta_reading_time":"","_themeisle_gutenberg_block_has_review":false},"product_brand":[],"product_cat":[19,55,43,30],"product_tag":[58,57,59,60],"class_list":{"0":"post-69","1":"product","2":"type-product","3":"status-publish","4":"has-post-thumbnail","6":"product_cat-bolsas","7":"product_cat-croche","8":"product_cat-duo-de-cores","9":"product_cat-sale","10":"product_tag-bolsa","11":"product_tag-croche","12":"product_tag-moda-sustentavel","13":"product_tag-slow-fashion","15":"first","16":"instock","17":"sale","18":"shipping-taxable","19":"purchasable","20":"product-type-variable"},"_links":{"self":[{"href":"https:\/\/projetocasademaria.com\/index.php\/wp-json\/wp\/v2\/product\/69","targetHints":{"allow":["GET"]}}],"collection":[{"href":"https:\/\/projetocasademaria.com\/index.php\/wp-json\/wp\/v2\/product"}],"about":[{"href":"https:\/\/projetocasademaria.com\/index.php\/wp-json\/wp\/v2\/types\/product"}],"replies":[{"embeddable":true,"href":"https:\/\/projetocasademaria.com\/index.php\/wp-json\/wp\/v2\/comments?post=69"}],"wp:featuredmedia":[{"embeddable":true,"href":"https:\/\/projetocasademaria.com\/index.php\/wp-json\/wp\/v2\/media\/793"}],"wp:attachment":[{"href":"https:\/\/projetocasademaria.com\/index.php\/wp-json\/wp\/v2\/media?parent=69"}],"wp:term":[{"taxonomy":"product_brand","embeddable":true,"href":"https:\/\/projetocasademaria.com\/index.php\/wp-json\/wp\/v2\/product_brand?post=69"},{"taxonomy":"product_cat","embeddable":true,"href":"https:\/\/projetocasademaria.com\/index.php\/wp-json\/wp\/v2\/product_cat?post=69"},{"taxonomy":"product_tag","embeddable":true,"href":"https:\/\/projetocasademaria.com\/index.php\/wp-json\/wp\/v2\/product_tag?post=69"}],"curies":[{"name":"wp","href":"https:\/\/api.w.org\/{rel}","templated":true}]}}

<p>Uma das nossas queridinhas! A bolsa Bel faz parte da <strong>coleção Duo de Cores</strong> criada pela designer pernambucana <strong>Gisela Moraes</strong>. Ela é feita toda em <strong>crochê</strong> com ponto vazado e cores contrastantes. Possui forro interno com bolso para celular e seu fechamento é com imã.</p>
<p>Altura: 29cm &#8211; Comprimento: 37cm &#8211; Profundidade: 15cm &#8211; Alça: 54cm.</p>

<p>Uma das nossas queridinhas! A bolsa Bel faz parte da coleção Duo de Cores criada pela designer pernambucana Gisela Moraes. Ela é feita toda em crochê com ponto vazado e cores contrastantes. Possui forro interno com bolso para celular e seu fechamento é com imã. Altura: 29cm &#8211; Comprimento: 37cm &#8211; Profundidade: 15cm &#8211; Alça:&hellip;&nbsp;<a href="https://projetocasademaria.com/index.php/product/bolsa-bel/" class="" rel="bookmark">Continue a ler &raquo;<span class="screen-reader-text">Bolsa Bel</span></a></p>
