{"id":445,"date":"2023-09-04T12:40:30","date_gmt":"2023-09-04T15:40:30","guid":{"rendered":"https:\/\/projetocasademaria.com\/?post_type=product&#038;p=445"},"modified":"2025-03-28T14:36:13","modified_gmt":"2025-03-28T17:36:13","slug":"bolsa-any","status":"publish","type":"product","link":"https:\/\/projetocasademaria.com\/index.php\/product\/bolsa-any\/","title":{"rendered":"Bolsa Any"},"content":{"rendered":"<p>A bolsa Any \u00e9 super vers\u00e1til, podendo tanto compor um look praia elegante, como tamb\u00e9m um look cheio de estilo para um passeio. Ela \u00e9 feita com duas t\u00e9cnicas ensinadas em nossas oficinas: o croch\u00ea e a tecelagem. Vale destacar que nossa tecelagem \u00e9 feita com jornal, mas este recebe um verniz impermeabilizante. A Any faz parte da nossa cole\u00e7\u00e3o Duo de Cores criada pela designer pernambucana Gisela Moraes.<\/p>\n<p>Altura: 25cm &#8211; Comprimento: 22cm &#8211; Profundidade: 22cm &#8211; Al\u00e7a: 55cm.<\/p>\n","protected":false},"excerpt":{"rendered":"<p>A bolsa Any \u00e9 super vers\u00e1til, podendo tanto compor um look praia elegante, como tamb\u00e9m um look cheio de estilo para um passeio. Ela \u00e9 feita com duas t\u00e9cnicas ensinadas em nossas oficinas: o croch\u00ea e a tecelagem. Vale destacar que nossa tecelagem \u00e9 feita com jornal, mas este recebe um verniz impermeabilizante. A Any&hellip;&nbsp;<a href=\"https:\/\/projetocasademaria.com\/index.php\/product\/bolsa-any\/\" class=\"\" rel=\"bookmark\">Continue a ler &raquo;<span class=\"screen-reader-text\">Bolsa Any<\/span><\/a><\/p>\n","protected":false},"featured_media":588,"comment_status":"open","ping_status":"closed","template":"","meta":{"neve_meta_sidebar":"","neve_meta_container":"","neve_meta_enable_content_width":"off","neve_meta_content_width":100,"neve_meta_title_alignment":"","neve_meta_author_avatar":"","neve_post_elements_order":"","neve_meta_disable_header":"","neve_meta_disable_footer":"","neve_meta_disable_title":"","neve_meta_reading_time":"","_themeisle_gutenberg_block_has_review":false},"product_brand":[],"product_cat":[19,55,43,53],"product_tag":[58,57,59,60],"class_list":{"0":"post-445","1":"product","2":"type-product","3":"status-publish","4":"has-post-thumbnail","6":"product_cat-bolsas","7":"product_cat-croche","8":"product_cat-duo-de-cores","9":"product_cat-tecelagem","10":"product_tag-bolsa","11":"product_tag-croche","12":"product_tag-moda-sustentavel","13":"product_tag-slow-fashion","15":"first","16":"instock","17":"shipping-taxable","18":"purchasable","19":"product-type-variable"},"_links":{"self":[{"href":"https:\/\/projetocasademaria.com\/index.php\/wp-json\/wp\/v2\/product\/445","targetHints":{"allow":["GET"]}}],"collection":[{"href":"https:\/\/projetocasademaria.com\/index.php\/wp-json\/wp\/v2\/product"}],"about":[{"href":"https:\/\/projetocasademaria.com\/index.php\/wp-json\/wp\/v2\/types\/product"}],"replies":[{"embeddable":true,"href":"https:\/\/projetocasademaria.com\/index.php\/wp-json\/wp\/v2\/comments?post=445"}],"wp:featuredmedia":[{"embeddable":true,"href":"https:\/\/projetocasademaria.com\/index.php\/wp-json\/wp\/v2\/media\/588"}],"wp:attachment":[{"href":"https:\/\/projetocasademaria.com\/index.php\/wp-json\/wp\/v2\/media?parent=445"}],"wp:term":[{"taxonomy":"product_brand","embeddable":true,"href":"https:\/\/projetocasademaria.com\/index.php\/wp-json\/wp\/v2\/product_brand?post=445"},{"taxonomy":"product_cat","embeddable":true,"href":"https:\/\/projetocasademaria.com\/index.php\/wp-json\/wp\/v2\/product_cat?post=445"},{"taxonomy":"product_tag","embeddable":true,"href":"https:\/\/projetocasademaria.com\/index.php\/wp-json\/wp\/v2\/product_tag?post=445"}],"curies":[{"name":"wp","href":"https:\/\/api.w.org\/{rel}","templated":true}]}}

<p>A bolsa Any é super versátil, podendo tanto compor um look praia elegante, como também um look cheio de estilo para um passeio. Ela é feita com duas técnicas ensinadas em nossas oficinas: o crochê e a tecelagem. Vale destacar que nossa tecelagem é feita com jornal, mas este recebe um verniz impermeabilizante. A Any faz parte da nossa coleção Duo de Cores criada pela designer pernambucana Gisela Moraes.</p>
<p>Altura: 25cm &#8211; Comprimento: 22cm &#8211; Profundidade: 22cm &#8211; Alça: 55cm.</p>

<p>A bolsa Any é super versátil, podendo tanto compor um look praia elegante, como também um look cheio de estilo para um passeio. Ela é feita com duas técnicas ensinadas em nossas oficinas: o crochê e a tecelagem. Vale destacar que nossa tecelagem é feita com jornal, mas este recebe um verniz impermeabilizante. A Any&hellip;&nbsp;<a href="https://projetocasademaria.com/index.php/product/bolsa-any/" class="" rel="bookmark">Continue a ler &raquo;<span class="screen-reader-text">Bolsa Any</span></a></p>
