{"id":442,"date":"2023-09-04T12:39:54","date_gmt":"2023-09-04T15:39:54","guid":{"rendered":"https:\/\/projetocasademaria.com\/?post_type=product&#038;p=442"},"modified":"2024-12-18T13:46:35","modified_gmt":"2024-12-18T16:46:35","slug":"bolsa-carmem","status":"publish","type":"product","link":"https:\/\/projetocasademaria.com\/index.php\/product\/bolsa-carmem\/","title":{"rendered":"Bolsa Carmem"},"content":{"rendered":"<p>Quer uma bolsa para compor aquele look descolado e cheio de estilo? Ent\u00e3o pode apostar na bolsa Carmem! Uma das nossas queridinhas, ela possui essa trama quadriculada e \u00e9 feita toda em croch\u00ea. A Carmem faz parte da nossa cole\u00e7\u00e3o Duo de Cores criada pela designer pernambucana Gisela Moraes.<\/p>\n<p>Altura: 41cm &#8211; Comprimento: 55cm &#8211; Al\u00e7a: 56cm.<\/p>\n","protected":false},"excerpt":{"rendered":"<p>Quer uma bolsa para compor aquele look descolado e cheio de estilo? Ent\u00e3o pode apostar na bolsa Carmem! Uma das nossas queridinhas, ela possui essa trama quadriculada e \u00e9 feita toda em croch\u00ea. A Carmem faz parte da nossa cole\u00e7\u00e3o Duo de Cores criada pela designer pernambucana Gisela Moraes. Altura: 41cm &#8211; Comprimento: 55cm &#8211;&hellip;&nbsp;<a href=\"https:\/\/projetocasademaria.com\/index.php\/product\/bolsa-carmem\/\" class=\"\" rel=\"bookmark\">Continue a ler &raquo;<span class=\"screen-reader-text\">Bolsa Carmem<\/span><\/a><\/p>\n","protected":false},"featured_media":798,"comment_status":"open","ping_status":"closed","template":"","meta":{"neve_meta_sidebar":"","neve_meta_container":"","neve_meta_enable_content_width":"off","neve_meta_content_width":100,"neve_meta_title_alignment":"","neve_meta_author_avatar":"","neve_post_elements_order":"","neve_meta_disable_header":"","neve_meta_disable_footer":"","neve_meta_disable_title":"","neve_meta_reading_time":"","_themeisle_gutenberg_block_has_review":false},"product_brand":[],"product_cat":[19,55,43],"product_tag":[58,57,59,60],"class_list":{"0":"post-442","1":"product","2":"type-product","3":"status-publish","4":"has-post-thumbnail","6":"product_cat-bolsas","7":"product_cat-croche","8":"product_cat-duo-de-cores","9":"product_tag-bolsa","10":"product_tag-croche","11":"product_tag-moda-sustentavel","12":"product_tag-slow-fashion","14":"first","15":"instock","16":"shipping-taxable","17":"purchasable","18":"product-type-variable"},"_links":{"self":[{"href":"https:\/\/projetocasademaria.com\/index.php\/wp-json\/wp\/v2\/product\/442","targetHints":{"allow":["GET"]}}],"collection":[{"href":"https:\/\/projetocasademaria.com\/index.php\/wp-json\/wp\/v2\/product"}],"about":[{"href":"https:\/\/projetocasademaria.com\/index.php\/wp-json\/wp\/v2\/types\/product"}],"replies":[{"embeddable":true,"href":"https:\/\/projetocasademaria.com\/index.php\/wp-json\/wp\/v2\/comments?post=442"}],"wp:featuredmedia":[{"embeddable":true,"href":"https:\/\/projetocasademaria.com\/index.php\/wp-json\/wp\/v2\/media\/798"}],"wp:attachment":[{"href":"https:\/\/projetocasademaria.com\/index.php\/wp-json\/wp\/v2\/media?parent=442"}],"wp:term":[{"taxonomy":"product_brand","embeddable":true,"href":"https:\/\/projetocasademaria.com\/index.php\/wp-json\/wp\/v2\/product_brand?post=442"},{"taxonomy":"product_cat","embeddable":true,"href":"https:\/\/projetocasademaria.com\/index.php\/wp-json\/wp\/v2\/product_cat?post=442"},{"taxonomy":"product_tag","embeddable":true,"href":"https:\/\/projetocasademaria.com\/index.php\/wp-json\/wp\/v2\/product_tag?post=442"}],"curies":[{"name":"wp","href":"https:\/\/api.w.org\/{rel}","templated":true}]}}