{"id":416,"date":"2023-09-02T00:45:16","date_gmt":"2023-09-02T03:45:16","guid":{"rendered":"https:\/\/projetocasademaria.com\/?post_type=product&#038;p=416"},"modified":"2026-01-09T03:48:13","modified_gmt":"2026-01-09T06:48:13","slug":"bolsa-cynthia","status":"publish","type":"product","link":"https:\/\/projetocasademaria.com\/index.php\/product\/bolsa-cynthia\/","title":{"rendered":"Bolsa Cynthia"},"content":{"rendered":"<p>A bolsa Cynthia \u00e9 um cl\u00e1ssico que mistura duas t\u00e9cnicas ensinadas no nosso projeto! Sua base \u00e9 oval e feita em tecelagem no tom palha, j\u00e1 seu corpo \u00e9 todo em croch\u00ea e na sua al\u00e7a h\u00e1 um toque de cor contrastante para dar aquele charme. Ela faz parte da cole\u00e7\u00e3o Duo de Cores criada pela designer pernambucana Gisela Moraes. Ah e fica tranquila que ela pode ser molhada, pois as nossas pe\u00e7as de tecelagem em jornal recebem um tratamento impermeabilizante.<\/p>\n<p>Altura: 28cm \u2013 Comprimento: 40cm \u2013 Al\u00e7a: 50cm.<\/p>\n","protected":false},"excerpt":{"rendered":"<p>A bolsa Cynthia \u00e9 um cl\u00e1ssico que mistura duas t\u00e9cnicas ensinadas no nosso projeto! Sua base \u00e9 oval e feita em tecelagem no tom palha, j\u00e1 seu corpo \u00e9 todo em croch\u00ea e na sua al\u00e7a h\u00e1 um toque de cor contrastante para dar aquele charme. Ela faz parte da cole\u00e7\u00e3o Duo de Cores criada&hellip;&nbsp;<a href=\"https:\/\/projetocasademaria.com\/index.php\/product\/bolsa-cynthia\/\" class=\"\" rel=\"bookmark\">Continue a ler &raquo;<span class=\"screen-reader-text\">Bolsa Cynthia<\/span><\/a><\/p>\n","protected":false},"featured_media":566,"comment_status":"open","ping_status":"closed","template":"","meta":{"neve_meta_sidebar":"","neve_meta_container":"","neve_meta_enable_content_width":"off","neve_meta_content_width":100,"neve_meta_title_alignment":"","neve_meta_author_avatar":"","neve_post_elements_order":"","neve_meta_disable_header":"","neve_meta_disable_footer":"","neve_meta_disable_title":"","neve_meta_reading_time":"","_themeisle_gutenberg_block_has_review":false},"product_brand":[],"product_cat":[19,55,43,30,53],"product_tag":[58,57,59,60],"class_list":{"0":"post-416","1":"product","2":"type-product","3":"status-publish","4":"has-post-thumbnail","6":"product_cat-bolsas","7":"product_cat-croche","8":"product_cat-duo-de-cores","9":"product_cat-sale","10":"product_cat-tecelagem","11":"product_tag-bolsa","12":"product_tag-croche","13":"product_tag-moda-sustentavel","14":"product_tag-slow-fashion","16":"first","17":"instock","18":"sale","19":"shipping-taxable","20":"purchasable","21":"product-type-variable"},"_links":{"self":[{"href":"https:\/\/projetocasademaria.com\/index.php\/wp-json\/wp\/v2\/product\/416","targetHints":{"allow":["GET"]}}],"collection":[{"href":"https:\/\/projetocasademaria.com\/index.php\/wp-json\/wp\/v2\/product"}],"about":[{"href":"https:\/\/projetocasademaria.com\/index.php\/wp-json\/wp\/v2\/types\/product"}],"replies":[{"embeddable":true,"href":"https:\/\/projetocasademaria.com\/index.php\/wp-json\/wp\/v2\/comments?post=416"}],"wp:featuredmedia":[{"embeddable":true,"href":"https:\/\/projetocasademaria.com\/index.php\/wp-json\/wp\/v2\/media\/566"}],"wp:attachment":[{"href":"https:\/\/projetocasademaria.com\/index.php\/wp-json\/wp\/v2\/media?parent=416"}],"wp:term":[{"taxonomy":"product_brand","embeddable":true,"href":"https:\/\/projetocasademaria.com\/index.php\/wp-json\/wp\/v2\/product_brand?post=416"},{"taxonomy":"product_cat","embeddable":true,"href":"https:\/\/projetocasademaria.com\/index.php\/wp-json\/wp\/v2\/product_cat?post=416"},{"taxonomy":"product_tag","embeddable":true,"href":"https:\/\/projetocasademaria.com\/index.php\/wp-json\/wp\/v2\/product_tag?post=416"}],"curies":[{"name":"wp","href":"https:\/\/api.w.org\/{rel}","templated":true}]}}