{"id":1010,"date":"2024-09-10T09:18:01","date_gmt":"2024-09-10T12:18:01","guid":{"rendered":"https:\/\/projetocasademaria.com\/index.php\/product\/bolsa-flor\/"},"modified":"2025-03-25T10:45:34","modified_gmt":"2025-03-25T13:45:34","slug":"bolsa-flor","status":"publish","type":"product","link":"https:\/\/projetocasademaria.com\/index.php\/product\/bolsa-flor\/","title":{"rendered":"Bolsa Flor"},"content":{"rendered":"<p>Essa linda bolsa combina elementos artesanais de maneira \u00fanica. Sua base em tecelagem que proporciona um toque r\u00fastico e elegante. O detalhe em flor de croch\u00ea, feito \u00e0 m\u00e3o, confere um charme delicado. Sua al\u00e7a tem detalhes em macram\u00ea que d\u00e1 um toque boho despojado, tornando a bolsa perfeita tanto pro dia a dia quanto para ocasi\u00f5es especiais. Uma pe\u00e7a que une estilo e funcionalidade. Criada pela Casa de Maria.<\/p>\n<p>Bolsa Flor<br \/>\nCores: azul, vermelha, preta, branca e bord\u00f4<\/p>\n<p>Comprimento X largura X altura<br \/>\n24X14X22<\/p>\n<p>Largura da al\u00e7a: 8mm<br \/>\nAltura da al\u00e7a: 42cm<\/p>\n<p><span style=\"vertical-align: inherit;\"><span style=\"vertical-align: inherit;\">Material utilizado: palha de Jornal, barbante ecol\u00f3gico, cord\u00e3o de Algod\u00e3o<\/span><\/span><\/p>\n","protected":false},"excerpt":{"rendered":"<p>Essa linda bolsa combina elementos artesanais de maneira \u00fanica. Sua base em tecelagem que proporciona um toque r\u00fastico e elegante. O detalhe em flor de croch\u00ea, feito \u00e0 m\u00e3o, confere um charme delicado. Sua al\u00e7a tem detalhes em macram\u00ea que d\u00e1 um toque boho despojado, tornando a bolsa perfeita tanto pro dia a dia quanto&hellip;&nbsp;<a href=\"https:\/\/projetocasademaria.com\/index.php\/product\/bolsa-flor\/\" class=\"\" rel=\"bookmark\">Continue a ler &raquo;<span class=\"screen-reader-text\">Bolsa Flor<\/span><\/a><\/p>\n","protected":false},"featured_media":1007,"comment_status":"open","ping_status":"closed","template":"","meta":{"neve_meta_sidebar":"","neve_meta_container":"","neve_meta_enable_content_width":"off","neve_meta_content_width":100,"neve_meta_title_alignment":"","neve_meta_author_avatar":"","neve_post_elements_order":"","neve_meta_disable_header":"","neve_meta_disable_footer":"","neve_meta_disable_title":"","neve_meta_reading_time":"","_themeisle_gutenberg_block_has_review":false},"product_brand":[],"product_cat":[15,19,55,54,53],"product_tag":[],"class_list":{"0":"post-1010","1":"product","2":"type-product","3":"status-publish","4":"has-post-thumbnail","6":"product_cat-uncategorized","7":"product_cat-bolsas","8":"product_cat-croche","9":"product_cat-macrame","10":"product_cat-tecelagem","12":"first","13":"instock","14":"shipping-taxable","15":"purchasable","16":"product-type-variable"},"_links":{"self":[{"href":"https:\/\/projetocasademaria.com\/index.php\/wp-json\/wp\/v2\/product\/1010","targetHints":{"allow":["GET"]}}],"collection":[{"href":"https:\/\/projetocasademaria.com\/index.php\/wp-json\/wp\/v2\/product"}],"about":[{"href":"https:\/\/projetocasademaria.com\/index.php\/wp-json\/wp\/v2\/types\/product"}],"replies":[{"embeddable":true,"href":"https:\/\/projetocasademaria.com\/index.php\/wp-json\/wp\/v2\/comments?post=1010"}],"wp:featuredmedia":[{"embeddable":true,"href":"https:\/\/projetocasademaria.com\/index.php\/wp-json\/wp\/v2\/media\/1007"}],"wp:attachment":[{"href":"https:\/\/projetocasademaria.com\/index.php\/wp-json\/wp\/v2\/media?parent=1010"}],"wp:term":[{"taxonomy":"product_brand","embeddable":true,"href":"https:\/\/projetocasademaria.com\/index.php\/wp-json\/wp\/v2\/product_brand?post=1010"},{"taxonomy":"product_cat","embeddable":true,"href":"https:\/\/projetocasademaria.com\/index.php\/wp-json\/wp\/v2\/product_cat?post=1010"},{"taxonomy":"product_tag","embeddable":true,"href":"https:\/\/projetocasademaria.com\/index.php\/wp-json\/wp\/v2\/product_tag?post=1010"}],"curies":[{"name":"wp","href":"https:\/\/api.w.org\/{rel}","templated":true}]}}