{"id":22,"date":"2023-08-21T15:58:02","date_gmt":"2023-08-21T18:58:02","guid":{"rendered":"https:\/\/projetocasademaria.com\/?page_id=22"},"modified":"2023-10-09T16:18:44","modified_gmt":"2023-10-09T19:18:44","slug":"nosso-projeto","status":"publish","type":"page","link":"https:\/\/projetocasademaria.com\/index.php\/nosso-projeto\/","title":{"rendered":"Nosso Projeto"},"content":{"rendered":"\n<h2 id=\"wp-block-themeisle-blocks-advanced-heading-5dde68d3\" class=\"wp-block-themeisle-blocks-advanced-heading wp-block-themeisle-blocks-advanced-heading-5dde68d3\">Tecendo o futuro com as pr\u00f3prias m\u00e3os.<\/h2>\n\n\n\n<div class=\"wp-block-group\"><div class=\"wp-block-group__inner-container is-layout-constrained wp-block-group-is-layout-constrained\">\n<div class=\"wp-block-group\"><div class=\"wp-block-group__inner-container is-layout-constrained wp-block-group-is-layout-constrained\">\n<p>Tendo o <strong>empreendedorismo social <\/strong>como base, o projeto CASA DE MARIA <strong>forma artes\u00e3s<\/strong>, capacitando-as para a produ\u00e7\u00e3o <strong>manual<\/strong> dos nossos produtos. Contribu\u00edmos para o <strong>resgate <\/strong>da nossa <strong>cultura<\/strong> e para a <strong>valoriza\u00e7\u00e3o <\/strong>do <strong>artesanato<\/strong>, bem como<strong> <\/strong>para a gera\u00e7\u00e3o de <strong>renda <\/strong>para as <strong>m\u00e3es, familiares e alunos do ARIA SOCIAL<\/strong>. As artes\u00e3s da CASA DE MARIA s\u00e3o remuneradas pelas pe\u00e7as produzidas e vendidas pelo projeto, as quais auxiliam na manuten\u00e7\u00e3o da Institui\u00e7\u00e3o.<\/p>\n<\/div><\/div>\n<\/div><\/div>\n\n\n\n<figure class=\"wp-block-image alignwide size-large\"><img fetchpriority=\"high\" decoding=\"async\" width=\"1024\" height=\"576\" src=\"https:\/\/projetocasademaria.com\/wp-content\/uploads\/2023\/10\/Design-sem-nome-1024x576.jpg\" alt=\"\" class=\"wp-image-673\" srcset=\"https:\/\/projetocasademaria.com\/wp-content\/uploads\/2023\/10\/Design-sem-nome-1024x576.jpg 1024w, https:\/\/projetocasademaria.com\/wp-content\/uploads\/2023\/10\/Design-sem-nome-300x169.jpg 300w, https:\/\/projetocasademaria.com\/wp-content\/uploads\/2023\/10\/Design-sem-nome-768x432.jpg 768w, https:\/\/projetocasademaria.com\/wp-content\/uploads\/2023\/10\/Design-sem-nome-1536x863.jpg 1536w, https:\/\/projetocasademaria.com\/wp-content\/uploads\/2023\/10\/Design-sem-nome-600x337.jpg 600w, https:\/\/projetocasademaria.com\/wp-content\/uploads\/2023\/10\/Design-sem-nome.jpg 2048w\" sizes=\"(max-width: 1024px) 100vw, 1024px\" \/><\/figure>\n\n\n\n<h2 id=\"wp-block-themeisle-blocks-advanced-heading-2048333d\" class=\"wp-block-themeisle-blocks-advanced-heading wp-block-themeisle-blocks-advanced-heading-2048333d\">Ponto a ponto, fio a fio, uma hist\u00f3ria costurada a v\u00e1rias m\u00e3os.<\/h2>\n\n\n\n<p><strong>Em 2017, Virg\u00ednia, artes\u00e3 e m\u00e3e da Rafaela<\/strong>, aluna do projeto <strong>Arte para Todos<\/strong> (programa do <strong>ARIA SOCIAL <\/strong>voltado para a <strong>inclus\u00e3o<\/strong> de portadores de S\u00edndrome de Down e outras defici\u00eancias), come\u00e7ou a <strong>compartilhar<\/strong> seus conhecimentos de croch\u00ea com outras m\u00e3es que tamb\u00e9m estavam esperando a conclus\u00e3o das atividades de seus filhos. Esse gesto foi a <strong>semente<\/strong> da <strong>CASA DE MARIA<\/strong>, a qual <strong>iniciou<\/strong> suas atividades com <strong>oficinas de croch\u00ea e tamb\u00e9m da t\u00e9cnica do renomado designer S\u00e9rgio Matos<\/strong>, o qual desenvolveu a nossa <strong>cole\u00e7\u00e3o &#8220;Bailado de Cores&#8221;<\/strong>.<\/p>\n\n\n\n<p>Tendo a arte presente em tudo que faz e cria e inspirada pela for\u00e7a de trabalho dessas mulheres, nossa presidente <strong>Cecilia Brennand<\/strong> cultivou o nosso projeto, promovendo sistematicamente a <strong>profissionaliza\u00e7\u00e3o de artes\u00e3s<\/strong> e a gera\u00e7\u00e3o de renda atrav\u00e9s do <strong>empreendedorismo social<\/strong>. Mais do que isso, <strong>despertou<\/strong> saberes e fazeres <strong>ancestrais<\/strong>, adormecidos pela rotina corrida dos afazeres femininos, e <strong>fomentou<\/strong> a cadeia de valor do <strong>artesanato<\/strong>.<\/p>\n\n\n\n<p>Hoje, temos ra\u00edzes, flores e frutos. Constitu\u00edmo-nos como uma <strong>rede de apoio<\/strong>, tecida cotidiana e coletivamente e somos uma fonte de <strong>conhecimento<\/strong>, de <strong>orienta\u00e7\u00e3o<\/strong> e de novas <strong>possibilidades<\/strong> para as <strong>mulheres<\/strong> que passaram a se descobrir como <strong>protagonistas<\/strong> da sua exist\u00eancia no momento em que d\u00e3o vida a objetos do imagin\u00e1rio partilhado.<\/p>\n\n\n<div class=\"wp-block-image\">\n<figure class=\"aligncenter size-large\"><img decoding=\"async\" width=\"1024\" height=\"709\" src=\"https:\/\/projetocasademaria.com\/wp-content\/uploads\/2023\/10\/oficina-1024x709.jpg\" alt=\"\" class=\"wp-image-680\" srcset=\"https:\/\/projetocasademaria.com\/wp-content\/uploads\/2023\/10\/oficina-1024x709.jpg 1024w, https:\/\/projetocasademaria.com\/wp-content\/uploads\/2023\/10\/oficina-300x208.jpg 300w, https:\/\/projetocasademaria.com\/wp-content\/uploads\/2023\/10\/oficina-768x532.jpg 768w, https:\/\/projetocasademaria.com\/wp-content\/uploads\/2023\/10\/oficina-1536x1064.jpg 1536w, https:\/\/projetocasademaria.com\/wp-content\/uploads\/2023\/10\/oficina-2048x1419.jpg 2048w, https:\/\/projetocasademaria.com\/wp-content\/uploads\/2023\/10\/oficina-600x416.jpg 600w\" sizes=\"(max-width: 1024px) 100vw, 1024px\" \/><\/figure><\/div>\n\n\n<h2 id=\"wp-block-themeisle-blocks-advanced-heading-6d89369c\" class=\"wp-block-themeisle-blocks-advanced-heading wp-block-themeisle-blocks-advanced-heading-6d89369c\">Miss\u00e3o<\/h2>\n\n\n\n<p><strong>Transformar vidas<\/strong> por meio do empreendedorismo social, capacitando, produzindo e comercializando artesanato com design diferenciado, com o objetivo de gerar renda para as artes\u00e3s e para o projeto do <strong>ARIA SOCIAL<\/strong>.<\/p>\n\n\n\n<h2 id=\"wp-block-themeisle-blocks-advanced-heading-88b22034\" class=\"wp-block-themeisle-blocks-advanced-heading wp-block-themeisle-blocks-advanced-heading-88b22034\">Mais de 140 fam\u00edlias assistidas diretamente por ano<\/h2>\n\n\n\n<p>A <strong>CASA DE MARIA<\/strong> tem como <strong>p\u00fablico-alvo priorit\u00e1rio m\u00e3es e familiares de alunos do ARIA SOCIAL<\/strong>. Mulheres, em sua grande maioria, de comunidades de baixo IDH (\u00cdndice de Desenvolvimento Humano), com renda familiar inferior ou igual a um sal\u00e1rio-m\u00ednimo e que desejam aprender t\u00e9cnicas de artesanato com o prop\u00f3sito de melhorar a qualidade de vida familiar. N\u00e3o havendo o preenchimento de todas as vagas com este perfil, as restantes s\u00e3o disponibilizadas para pessoas da comunidade em geral e residentes nas cidades circunvizinhas.<\/p>\n\n\n\n<div id=\"wp-block-themeisle-blocks-advanced-columns-df8f92e7\" class=\"wp-block-themeisle-blocks-advanced-columns has-2-columns has-desktop-oneTwo-layout has-tablet-equal-layout has-mobile-collapsedRows-layout has-vertical-unset\"><div class=\"wp-block-themeisle-blocks-advanced-columns-overlay\"><\/div><div class=\"innerblocks-wrap\">\n<div id=\"wp-block-themeisle-blocks-advanced-column-f8cada47\" class=\"wp-block-themeisle-blocks-advanced-column\"><div class=\"wp-block-image\">\n<figure class=\"aligncenter size-full\"><img decoding=\"async\" width=\"186\" height=\"32\" src=\"https:\/\/projetocasademaria.com\/wp-content\/uploads\/2023\/08\/logo.27bb4c65feac2ddbd67529097166828f.svg\" alt=\"\" class=\"wp-image-127\"\/><\/figure><\/div><\/div>\n\n\n\n<div id=\"wp-block-themeisle-blocks-advanced-column-05b90c67\" class=\"wp-block-themeisle-blocks-advanced-column\">\n<p>O <strong>ARIA SOCIAL<\/strong> \u00e9 a institui\u00e7\u00e3o respons\u00e1vel pela <strong>gest\u00e3o <\/strong>da <strong>CASA DE MARIA<\/strong>. Criado para promover a transforma\u00e7\u00e3o humana atrav\u00e9s da Arte-Educa\u00e7\u00e3o, oferece aulas de m\u00fasica, dan\u00e7a, teatro, canto e portugu\u00eas a crian\u00e7as e jovens em situa\u00e7\u00e3o de vulnerabilidade social.<\/p>\n<\/div>\n<\/div><\/div>\n\n\n\n<p id=\"wp-block-themeisle-blocks-advanced-heading-b1edd0a7\" class=\"wp-block-themeisle-blocks-advanced-heading wp-block-themeisle-blocks-advanced-heading-b1edd0a7\"><a rel=\"noreferrer noopener\" href=\"https:\/\/www.ariasocial.ong.br\" target=\"_blank\">clique aqui e conhe\u00e7a mais sobre o Aria Social<\/a><\/p>\n","protected":false},"excerpt":{"rendered":"<p>Tendo o empreendedorismo social como base, o projeto CASA DE MARIA forma artes\u00e3s, capacitando-as para a produ\u00e7\u00e3o manual dos nossos produtos. Contribu\u00edmos para o resgate da nossa cultura e para a valoriza\u00e7\u00e3o do artesanato, bem como para a gera\u00e7\u00e3o de renda para as m\u00e3es, familiares e alunos do ARIA SOCIAL. As artes\u00e3s da CASA DE&hellip;&nbsp;<a href=\"https:\/\/projetocasademaria.com\/index.php\/nosso-projeto\/\" class=\"\" rel=\"bookmark\">Continue a ler &raquo;<span class=\"screen-reader-text\">Nosso Projeto<\/span><\/a><\/p>\n","protected":false},"author":3,"featured_media":650,"parent":0,"menu_order":0,"comment_status":"closed","ping_status":"closed","template":"","meta":{"neve_meta_sidebar":"","neve_meta_container":"","neve_meta_enable_content_width":"","neve_meta_content_width":0,"neve_meta_title_alignment":"center","neve_meta_author_avatar":"","neve_post_elements_order":"","neve_meta_disable_header":"","neve_meta_disable_footer":"","neve_meta_disable_title":"off","neve_meta_reading_time":"","_themeisle_gutenberg_block_has_review":false,"footnotes":""},"class_list":["post-22","page","type-page","status-publish","has-post-thumbnail","hentry"],"_links":{"self":[{"href":"https:\/\/projetocasademaria.com\/index.php\/wp-json\/wp\/v2\/pages\/22","targetHints":{"allow":["GET"]}}],"collection":[{"href":"https:\/\/projetocasademaria.com\/index.php\/wp-json\/wp\/v2\/pages"}],"about":[{"href":"https:\/\/projetocasademaria.com\/index.php\/wp-json\/wp\/v2\/types\/page"}],"author":[{"embeddable":true,"href":"https:\/\/projetocasademaria.com\/index.php\/wp-json\/wp\/v2\/users\/3"}],"replies":[{"embeddable":true,"href":"https:\/\/projetocasademaria.com\/index.php\/wp-json\/wp\/v2\/comments?post=22"}],"version-history":[{"count":25,"href":"https:\/\/projetocasademaria.com\/index.php\/wp-json\/wp\/v2\/pages\/22\/revisions"}],"predecessor-version":[{"id":833,"href":"https:\/\/projetocasademaria.com\/index.php\/wp-json\/wp\/v2\/pages\/22\/revisions\/833"}],"wp:featuredmedia":[{"embeddable":true,"href":"https:\/\/projetocasademaria.com\/index.php\/wp-json\/wp\/v2\/media\/650"}],"wp:attachment":[{"href":"https:\/\/projetocasademaria.com\/index.php\/wp-json\/wp\/v2\/media?parent=22"}],"curies":[{"name":"wp","href":"https:\/\/api.w.org\/{rel}","templated":true}]}}