{"id":102,"date":"2023-08-26T14:35:15","date_gmt":"2023-08-26T17:35:15","guid":{"rendered":"https:\/\/projetocasademaria.com\/?page_id=102"},"modified":"2023-10-13T15:11:22","modified_gmt":"2023-10-13T18:11:22","slug":"co-labs","status":"publish","type":"page","link":"https:\/\/projetocasademaria.com\/index.php\/co-labs\/","title":{"rendered":"Co-labs e Parceiros"},"content":{"rendered":"\n<p class=\"has-text-align-center\">\u00c9 com muito orgulho e gratid\u00e3o que firmamos parcerias com marcas que tanto nos inspiram!<\/p>\n\n\n\n<p class=\"has-text-align-center\">Voc\u00ea encontra produtos nossos em cada uma de suas lojas.<\/p>\n\n\n\n<div id=\"wp-block-themeisle-blocks-advanced-columns-2f11b830\" class=\"wp-block-themeisle-blocks-advanced-columns has-3-columns has-desktop-equal-layout has-tablet-equal-layout has-mobile-collapsedRows-layout has-vertical-unset\"><div class=\"wp-block-themeisle-blocks-advanced-columns-overlay\"><\/div><div class=\"innerblocks-wrap\">\n<div id=\"wp-block-themeisle-blocks-advanced-column-f2556c76\" class=\"wp-block-themeisle-blocks-advanced-column\">\n<div class=\"wp-block-cover is-light ticss-10a26640\" style=\"min-height:300px;aspect-ratio:unset;\"><span aria-hidden=\"true\" class=\"wp-block-cover__background has-background-dim\"><\/span><img fetchpriority=\"high\" decoding=\"async\" width=\"1080\" height=\"1351\" class=\"wp-block-cover__image-background wp-image-213\" alt=\"\" src=\"https:\/\/projetocasademaria.com\/wp-content\/uploads\/2023\/08\/Snapinsta.app_346463654_893859381678578_3185587721985497130_n_1080.jpg\" style=\"object-position:33% 67%\" data-object-fit=\"cover\" data-object-position=\"33% 67%\" srcset=\"https:\/\/projetocasademaria.com\/wp-content\/uploads\/2023\/08\/Snapinsta.app_346463654_893859381678578_3185587721985497130_n_1080.jpg 1080w, https:\/\/projetocasademaria.com\/wp-content\/uploads\/2023\/08\/Snapinsta.app_346463654_893859381678578_3185587721985497130_n_1080-600x751.jpg 600w, https:\/\/projetocasademaria.com\/wp-content\/uploads\/2023\/08\/Snapinsta.app_346463654_893859381678578_3185587721985497130_n_1080-240x300.jpg 240w, https:\/\/projetocasademaria.com\/wp-content\/uploads\/2023\/08\/Snapinsta.app_346463654_893859381678578_3185587721985497130_n_1080-819x1024.jpg 819w, https:\/\/projetocasademaria.com\/wp-content\/uploads\/2023\/08\/Snapinsta.app_346463654_893859381678578_3185587721985497130_n_1080-768x961.jpg 768w\" sizes=\"(max-width: 1080px) 100vw, 1080px\" \/><div class=\"wp-block-cover__inner-container is-layout-flow wp-block-cover-is-layout-flow\">\n<p class=\"has-text-align-center has-nv-site-bg-color has-text-color has-large-font-size\"><a href=\"https:\/\/www.instagram.com\/sergiojmatos\" target=\"_blank\" rel=\"noreferrer noopener\" style=\"color:#FFFFFF; text-decoration: none;\">EST\u00daDIO S\u00c9RGIO MATOS<\/a><\/p>\n<\/div><\/div>\n<\/div>\n\n\n\n<div id=\"wp-block-themeisle-blocks-advanced-column-e9c4ddc6\" class=\"wp-block-themeisle-blocks-advanced-column\">\n<div class=\"wp-block-cover is-light ticss-5921b622\" style=\"min-height:301px;aspect-ratio:unset;\"><span aria-hidden=\"true\" class=\"wp-block-cover__background has-background-dim\"><\/span><img decoding=\"async\" width=\"1080\" height=\"1080\" class=\"wp-block-cover__image-background wp-image-224\" alt=\"\" src=\"https:\/\/projetocasademaria.com\/wp-content\/uploads\/2023\/08\/345915991_259687639794681_4246525125395906574_n.jpg\" style=\"object-position:50% 67%\" data-object-fit=\"cover\" data-object-position=\"50% 67%\" srcset=\"https:\/\/projetocasademaria.com\/wp-content\/uploads\/2023\/08\/345915991_259687639794681_4246525125395906574_n.jpg 1080w, https:\/\/projetocasademaria.com\/wp-content\/uploads\/2023\/08\/345915991_259687639794681_4246525125395906574_n-300x300.jpg 300w, https:\/\/projetocasademaria.com\/wp-content\/uploads\/2023\/08\/345915991_259687639794681_4246525125395906574_n-100x100.jpg 100w, https:\/\/projetocasademaria.com\/wp-content\/uploads\/2023\/08\/345915991_259687639794681_4246525125395906574_n-600x600.jpg 600w, https:\/\/projetocasademaria.com\/wp-content\/uploads\/2023\/08\/345915991_259687639794681_4246525125395906574_n-1024x1024.jpg 1024w, https:\/\/projetocasademaria.com\/wp-content\/uploads\/2023\/08\/345915991_259687639794681_4246525125395906574_n-150x150.jpg 150w, https:\/\/projetocasademaria.com\/wp-content\/uploads\/2023\/08\/345915991_259687639794681_4246525125395906574_n-768x768.jpg 768w\" sizes=\"(max-width: 1080px) 100vw, 1080px\" \/><div class=\"wp-block-cover__inner-container is-layout-flow wp-block-cover-is-layout-flow\">\n<p class=\"has-text-align-center has-nv-site-bg-color has-text-color has-large-font-size\"><a href=\"https:\/\/www.instagram.com\/nannacay\/\" target=\"_blank\" rel=\"noreferrer noopener\" style=\"color:#FFFFFF; text-decoration: none;\">NANNACAY<\/a><\/p>\n<\/div><\/div>\n<\/div>\n\n\n\n<div id=\"wp-block-themeisle-blocks-advanced-column-6e108b8b\" class=\"wp-block-themeisle-blocks-advanced-column\">\n<div class=\"wp-block-cover is-light ticss-edaec0db\" style=\"min-height:300px;aspect-ratio:unset;\"><span aria-hidden=\"true\" class=\"wp-block-cover__background has-background-dim\"><\/span><img decoding=\"async\" width=\"1080\" height=\"1349\" class=\"wp-block-cover__image-background wp-image-227\" alt=\"\" src=\"https:\/\/projetocasademaria.com\/wp-content\/uploads\/2023\/08\/Snapinsta.app_360137658_18222782578238845_4620721386621680824_n_1080.jpg\" style=\"object-position:50% 63%\" data-object-fit=\"cover\" data-object-position=\"50% 63%\" srcset=\"https:\/\/projetocasademaria.com\/wp-content\/uploads\/2023\/08\/Snapinsta.app_360137658_18222782578238845_4620721386621680824_n_1080.jpg 1080w, https:\/\/projetocasademaria.com\/wp-content\/uploads\/2023\/08\/Snapinsta.app_360137658_18222782578238845_4620721386621680824_n_1080-600x749.jpg 600w, https:\/\/projetocasademaria.com\/wp-content\/uploads\/2023\/08\/Snapinsta.app_360137658_18222782578238845_4620721386621680824_n_1080-240x300.jpg 240w, https:\/\/projetocasademaria.com\/wp-content\/uploads\/2023\/08\/Snapinsta.app_360137658_18222782578238845_4620721386621680824_n_1080-820x1024.jpg 820w, https:\/\/projetocasademaria.com\/wp-content\/uploads\/2023\/08\/Snapinsta.app_360137658_18222782578238845_4620721386621680824_n_1080-768x959.jpg 768w\" sizes=\"(max-width: 1080px) 100vw, 1080px\" \/><div class=\"wp-block-cover__inner-container is-layout-flow wp-block-cover-is-layout-flow\">\n<p class=\"has-text-align-center has-nv-site-bg-color has-text-color has-large-font-size\"><a href=\"https:\/\/www.instagram.com\/instituto_cea\/\" target=\"_blank\" rel=\"noreferrer noopener\" style=\"color:#FFFFFF; text-decoration: none;\">INSTITUTO C&amp;A<\/a><\/p>\n<\/div><\/div>\n<\/div>\n<\/div><\/div>\n\n\n\n<div id=\"wp-block-themeisle-blocks-advanced-columns-bffcd2af\" class=\"wp-block-themeisle-blocks-advanced-columns has-3-columns has-desktop-equal-layout has-tablet-equal-layout has-mobile-collapsedRows-layout has-vertical-unset\"><div class=\"wp-block-themeisle-blocks-advanced-columns-overlay\"><\/div><div class=\"innerblocks-wrap\">\n<div id=\"wp-block-themeisle-blocks-advanced-column-78a2bf81\" class=\"wp-block-themeisle-blocks-advanced-column\">\n<div class=\"wp-block-cover is-light ticss-10a26640\" style=\"min-height:300px;aspect-ratio:unset;\"><span aria-hidden=\"true\" class=\"wp-block-cover__background has-background-dim\"><\/span><img loading=\"lazy\" decoding=\"async\" width=\"640\" height=\"640\" class=\"wp-block-cover__image-background wp-image-237\" alt=\"\" src=\"https:\/\/projetocasademaria.com\/wp-content\/uploads\/2023\/08\/Snapinsta.app_310353952_674303637080334_1589442568329881806_n_1080.jpg\" style=\"object-position:41% 75%\" data-object-fit=\"cover\" data-object-position=\"41% 75%\" srcset=\"https:\/\/projetocasademaria.com\/wp-content\/uploads\/2023\/08\/Snapinsta.app_310353952_674303637080334_1589442568329881806_n_1080.jpg 640w, https:\/\/projetocasademaria.com\/wp-content\/uploads\/2023\/08\/Snapinsta.app_310353952_674303637080334_1589442568329881806_n_1080-300x300.jpg 300w, https:\/\/projetocasademaria.com\/wp-content\/uploads\/2023\/08\/Snapinsta.app_310353952_674303637080334_1589442568329881806_n_1080-100x100.jpg 100w, https:\/\/projetocasademaria.com\/wp-content\/uploads\/2023\/08\/Snapinsta.app_310353952_674303637080334_1589442568329881806_n_1080-600x600.jpg 600w, https:\/\/projetocasademaria.com\/wp-content\/uploads\/2023\/08\/Snapinsta.app_310353952_674303637080334_1589442568329881806_n_1080-150x150.jpg 150w\" sizes=\"(max-width: 640px) 100vw, 640px\" \/><div class=\"wp-block-cover__inner-container is-layout-flow wp-block-cover-is-layout-flow\">\n<p class=\"has-text-align-center has-nv-site-bg-color has-text-color has-large-font-size\"><a href=\"https:\/\/www.instagram.com\/nordestesse_\/\" target=\"_blank\" rel=\"noreferrer noopener\" style=\"color:#FFFFFF; text-decoration: none;\">REFAZENDA<\/a><\/p>\n<\/div><\/div>\n<\/div>\n\n\n\n<div id=\"wp-block-themeisle-blocks-advanced-column-44f58e07\" class=\"wp-block-themeisle-blocks-advanced-column\">\n<div class=\"wp-block-cover is-light ticss-5921b622\" style=\"min-height:301px;aspect-ratio:unset;\"><span aria-hidden=\"true\" class=\"wp-block-cover__background has-background-dim\"><\/span><img loading=\"lazy\" decoding=\"async\" width=\"720\" height=\"960\" class=\"wp-block-cover__image-background wp-image-241\" alt=\"\" src=\"https:\/\/projetocasademaria.com\/wp-content\/uploads\/2023\/08\/bolsa_trabalho_artesanal_associacao_aria_duas_design5_720x.webp\" style=\"object-position:33% 66%\" data-object-fit=\"cover\" data-object-position=\"33% 66%\" srcset=\"https:\/\/projetocasademaria.com\/wp-content\/uploads\/2023\/08\/bolsa_trabalho_artesanal_associacao_aria_duas_design5_720x.webp 720w, https:\/\/projetocasademaria.com\/wp-content\/uploads\/2023\/08\/bolsa_trabalho_artesanal_associacao_aria_duas_design5_720x-600x800.webp 600w, https:\/\/projetocasademaria.com\/wp-content\/uploads\/2023\/08\/bolsa_trabalho_artesanal_associacao_aria_duas_design5_720x-225x300.webp 225w\" sizes=\"(max-width: 720px) 100vw, 720px\" \/><div class=\"wp-block-cover__inner-container is-layout-flow wp-block-cover-is-layout-flow\">\n<p class=\"has-text-align-center has-nv-site-bg-color has-text-color has-large-font-size\"><a href=\"https:\/\/www.instagram.com\/duas\/\" target=\"_blank\" rel=\"noreferrer noopener\" style=\"color:#FFFFFF; text-decoration: none;\">DUAS<\/a><\/p>\n<\/div><\/div>\n<\/div>\n\n\n\n<div id=\"wp-block-themeisle-blocks-advanced-column-5c442731\" class=\"wp-block-themeisle-blocks-advanced-column\">\n<div class=\"wp-block-cover is-light ticss-10a26640\" style=\"min-height:300px;aspect-ratio:unset;\"><span aria-hidden=\"true\" class=\"wp-block-cover__background has-background-dim\"><\/span><img loading=\"lazy\" decoding=\"async\" width=\"730\" height=\"730\" class=\"wp-block-cover__image-background wp-image-257\" alt=\"\" src=\"https:\/\/projetocasademaria.com\/wp-content\/uploads\/2023\/08\/Snapinsta.app_319576868_205101855403978_6414122513494387486_n_1080.jpg\" data-object-fit=\"cover\" srcset=\"https:\/\/projetocasademaria.com\/wp-content\/uploads\/2023\/08\/Snapinsta.app_319576868_205101855403978_6414122513494387486_n_1080.jpg 730w, https:\/\/projetocasademaria.com\/wp-content\/uploads\/2023\/08\/Snapinsta.app_319576868_205101855403978_6414122513494387486_n_1080-300x300.jpg 300w, https:\/\/projetocasademaria.com\/wp-content\/uploads\/2023\/08\/Snapinsta.app_319576868_205101855403978_6414122513494387486_n_1080-100x100.jpg 100w, https:\/\/projetocasademaria.com\/wp-content\/uploads\/2023\/08\/Snapinsta.app_319576868_205101855403978_6414122513494387486_n_1080-600x600.jpg 600w, https:\/\/projetocasademaria.com\/wp-content\/uploads\/2023\/08\/Snapinsta.app_319576868_205101855403978_6414122513494387486_n_1080-150x150.jpg 150w\" sizes=\"(max-width: 730px) 100vw, 730px\" \/><div class=\"wp-block-cover__inner-container is-layout-flow wp-block-cover-is-layout-flow\">\n<p class=\"has-text-align-center has-nv-site-bg-color has-text-color has-large-font-size\"><a href=\"https:\/\/www.instagram.com\/nordestesse_\/\" target=\"_blank\" rel=\"noreferrer noopener\" style=\"color:#FFFFFF; text-decoration: none;\">NORDESTESSE<\/a><\/p>\n<\/div><\/div>\n<\/div>\n<\/div><\/div>\n\n\n\n<div id=\"wp-block-themeisle-blocks-advanced-columns-dc930060\" class=\"wp-block-themeisle-blocks-advanced-columns has-3-columns has-desktop-equal-layout has-tablet-equal-layout has-mobile-collapsedRows-layout has-vertical-unset\"><div class=\"wp-block-themeisle-blocks-advanced-columns-overlay\"><\/div><div class=\"innerblocks-wrap\">\n<div id=\"wp-block-themeisle-blocks-advanced-column-26f252e7\" class=\"wp-block-themeisle-blocks-advanced-column\">\n<div class=\"wp-block-cover is-light ticss-edaec0db\" style=\"min-height:300px;aspect-ratio:unset;\"><span aria-hidden=\"true\" class=\"wp-block-cover__background has-background-dim\"><\/span><img loading=\"lazy\" decoding=\"async\" width=\"819\" height=\"1024\" class=\"wp-block-cover__image-background wp-image-261\" alt=\"\" src=\"https:\/\/projetocasademaria.com\/wp-content\/uploads\/2023\/08\/Snapinsta.app_354045124_6223149797805123_3789839440018000467_n_1080-819x1024.jpg\" data-object-fit=\"cover\" srcset=\"https:\/\/projetocasademaria.com\/wp-content\/uploads\/2023\/08\/Snapinsta.app_354045124_6223149797805123_3789839440018000467_n_1080-819x1024.jpg 819w, https:\/\/projetocasademaria.com\/wp-content\/uploads\/2023\/08\/Snapinsta.app_354045124_6223149797805123_3789839440018000467_n_1080-600x750.jpg 600w, https:\/\/projetocasademaria.com\/wp-content\/uploads\/2023\/08\/Snapinsta.app_354045124_6223149797805123_3789839440018000467_n_1080-240x300.jpg 240w, https:\/\/projetocasademaria.com\/wp-content\/uploads\/2023\/08\/Snapinsta.app_354045124_6223149797805123_3789839440018000467_n_1080-768x960.jpg 768w, https:\/\/projetocasademaria.com\/wp-content\/uploads\/2023\/08\/Snapinsta.app_354045124_6223149797805123_3789839440018000467_n_1080.jpg 1080w\" sizes=\"(max-width: 819px) 100vw, 819px\" \/><div class=\"wp-block-cover__inner-container is-layout-flow wp-block-cover-is-layout-flow\">\n<p class=\"has-text-align-center has-nv-site-bg-color has-text-color has-large-font-size\"><a href=\"https:\/\/www.instagram.com\/anttuninapousadaespa\/\" target=\"_blank\" rel=\"noreferrer noopener\" style=\"color:#FFFFFF; text-decoration: none;\">ANTTUNINA POUSADA E SPA<\/a><\/p>\n<\/div><\/div>\n<\/div>\n\n\n\n<div id=\"wp-block-themeisle-blocks-advanced-column-2bac02c4\" class=\"wp-block-themeisle-blocks-advanced-column\">\n<div class=\"wp-block-cover is-light ticss-5921b622\" style=\"min-height:301px;aspect-ratio:unset;\"><span aria-hidden=\"true\" class=\"wp-block-cover__background has-background-dim\"><\/span><img loading=\"lazy\" decoding=\"async\" width=\"819\" height=\"1024\" class=\"wp-block-cover__image-background wp-image-260\" alt=\"\" src=\"https:\/\/projetocasademaria.com\/wp-content\/uploads\/2023\/08\/Snapinsta.app_355721924_651765140330210_2866509584583383257_n_1080-819x1024.jpg\" data-object-fit=\"cover\" srcset=\"https:\/\/projetocasademaria.com\/wp-content\/uploads\/2023\/08\/Snapinsta.app_355721924_651765140330210_2866509584583383257_n_1080-819x1024.jpg 819w, https:\/\/projetocasademaria.com\/wp-content\/uploads\/2023\/08\/Snapinsta.app_355721924_651765140330210_2866509584583383257_n_1080-600x750.jpg 600w, https:\/\/projetocasademaria.com\/wp-content\/uploads\/2023\/08\/Snapinsta.app_355721924_651765140330210_2866509584583383257_n_1080-240x300.jpg 240w, https:\/\/projetocasademaria.com\/wp-content\/uploads\/2023\/08\/Snapinsta.app_355721924_651765140330210_2866509584583383257_n_1080-768x960.jpg 768w, https:\/\/projetocasademaria.com\/wp-content\/uploads\/2023\/08\/Snapinsta.app_355721924_651765140330210_2866509584583383257_n_1080.jpg 1080w\" sizes=\"(max-width: 819px) 100vw, 819px\" \/><div class=\"wp-block-cover__inner-container is-layout-flow wp-block-cover-is-layout-flow\">\n<p class=\"has-text-align-center has-nv-site-bg-color has-text-color has-large-font-size\"><a href=\"https:\/\/www.instagram.com\/thewestinportodegalinhas\/\" target=\"_blank\" rel=\"noreferrer noopener\" style=\"color:#FFFFFF; text-decoration: none;\">THE WESTIN PORTO DE GALINHAS<\/a><\/p>\n<\/div><\/div>\n<\/div>\n\n\n\n<div id=\"wp-block-themeisle-blocks-advanced-column-43d68129\" class=\"wp-block-themeisle-blocks-advanced-column\">\n<div class=\"wp-block-cover is-light ticss-4aa6b5bf\" style=\"min-height:300px;aspect-ratio:unset;\"><span aria-hidden=\"true\" class=\"wp-block-cover__background has-background-dim\"><\/span><img loading=\"lazy\" decoding=\"async\" width=\"819\" height=\"1024\" class=\"wp-block-cover__image-background wp-image-266\" alt=\"\" src=\"https:\/\/projetocasademaria.com\/wp-content\/uploads\/2023\/08\/Snapinsta.app_339085676_3477392862476301_505877755725668360_n_1080-819x1024.jpg\" data-object-fit=\"cover\" srcset=\"https:\/\/projetocasademaria.com\/wp-content\/uploads\/2023\/08\/Snapinsta.app_339085676_3477392862476301_505877755725668360_n_1080-819x1024.jpg 819w, https:\/\/projetocasademaria.com\/wp-content\/uploads\/2023\/08\/Snapinsta.app_339085676_3477392862476301_505877755725668360_n_1080-600x750.jpg 600w, https:\/\/projetocasademaria.com\/wp-content\/uploads\/2023\/08\/Snapinsta.app_339085676_3477392862476301_505877755725668360_n_1080-240x300.jpg 240w, https:\/\/projetocasademaria.com\/wp-content\/uploads\/2023\/08\/Snapinsta.app_339085676_3477392862476301_505877755725668360_n_1080-768x960.jpg 768w, https:\/\/projetocasademaria.com\/wp-content\/uploads\/2023\/08\/Snapinsta.app_339085676_3477392862476301_505877755725668360_n_1080.jpg 1080w\" sizes=\"(max-width: 819px) 100vw, 819px\" \/><div class=\"wp-block-cover__inner-container is-layout-flow wp-block-cover-is-layout-flow\">\n<p class=\"has-text-align-center has-nv-site-bg-color has-text-color has-large-font-size\"><a href=\"https:\/\/www.instagram.com\/modaautoralpe\/\" target=\"_blank\" rel=\"noreferrer noopener\" style=\"color:#FFFFFF; text-decoration: none;\">MAPE<\/a><\/p>\n<\/div><\/div>\n<\/div>\n<\/div><\/div>\n\n\n\n<div id=\"wp-block-themeisle-blocks-advanced-columns-556c628f\" class=\"wp-block-themeisle-blocks-advanced-columns has-3-columns has-desktop-equal-layout has-tablet-equal-layout has-mobile-collapsedRows-layout has-vertical-unset\"><div class=\"wp-block-themeisle-blocks-advanced-columns-overlay\"><\/div><div class=\"innerblocks-wrap\">\n<div id=\"wp-block-themeisle-blocks-advanced-column-e096ee6a\" class=\"wp-block-themeisle-blocks-advanced-column\">\n<div class=\"wp-block-cover is-light ticss-cd2d09ed\" style=\"min-height:300px;aspect-ratio:unset;\"><span aria-hidden=\"true\" class=\"wp-block-cover__background has-background-dim\"><\/span><img loading=\"lazy\" decoding=\"async\" width=\"848\" height=\"848\" class=\"wp-block-cover__image-background wp-image-269\" alt=\"\" src=\"https:\/\/projetocasademaria.com\/wp-content\/uploads\/2023\/08\/Snapinsta.app_312020915_526154278841944_3409840042124784617_n_1080.jpg\" data-object-fit=\"cover\" srcset=\"https:\/\/projetocasademaria.com\/wp-content\/uploads\/2023\/08\/Snapinsta.app_312020915_526154278841944_3409840042124784617_n_1080.jpg 848w, https:\/\/projetocasademaria.com\/wp-content\/uploads\/2023\/08\/Snapinsta.app_312020915_526154278841944_3409840042124784617_n_1080-300x300.jpg 300w, https:\/\/projetocasademaria.com\/wp-content\/uploads\/2023\/08\/Snapinsta.app_312020915_526154278841944_3409840042124784617_n_1080-100x100.jpg 100w, https:\/\/projetocasademaria.com\/wp-content\/uploads\/2023\/08\/Snapinsta.app_312020915_526154278841944_3409840042124784617_n_1080-600x600.jpg 600w, https:\/\/projetocasademaria.com\/wp-content\/uploads\/2023\/08\/Snapinsta.app_312020915_526154278841944_3409840042124784617_n_1080-150x150.jpg 150w, https:\/\/projetocasademaria.com\/wp-content\/uploads\/2023\/08\/Snapinsta.app_312020915_526154278841944_3409840042124784617_n_1080-768x768.jpg 768w\" sizes=\"(max-width: 848px) 100vw, 848px\" \/><div class=\"wp-block-cover__inner-container is-layout-flow wp-block-cover-is-layout-flow\">\n<p class=\"has-text-align-center has-nv-site-bg-color has-text-color\" style=\"font-size:25px\"><a href=\"https:\/\/www.instagram.com\/centrodeartesanatodepe\/\" target=\"_blank\" rel=\"noreferrer noopener\" style=\"color:#FFFFFF; text-decoration: none;\">CENTRO DE ARTESANATO DE PERNAMBUCO<\/a><\/p>\n<\/div><\/div>\n<\/div>\n\n\n\n<div id=\"wp-block-themeisle-blocks-advanced-column-c2d499bc\" class=\"wp-block-themeisle-blocks-advanced-column\"><\/div>\n\n\n\n<div id=\"wp-block-themeisle-blocks-advanced-column-9bf22336\" class=\"wp-block-themeisle-blocks-advanced-column\"><\/div>\n<\/div><\/div>\n","protected":false},"excerpt":{"rendered":"<p>\u00c9 com muito orgulho e gratid\u00e3o que firmamos parcerias com marcas que tanto nos inspiram! Voc\u00ea encontra produtos nossos em cada uma de suas lojas.<\/p>\n","protected":false},"author":3,"featured_media":212,"parent":0,"menu_order":0,"comment_status":"closed","ping_status":"closed","template":"","meta":{"neve_meta_sidebar":"","neve_meta_container":"","neve_meta_enable_content_width":"","neve_meta_content_width":0,"neve_meta_title_alignment":"","neve_meta_author_avatar":"","neve_post_elements_order":"","neve_meta_disable_header":"","neve_meta_disable_footer":"","neve_meta_disable_title":"","neve_meta_reading_time":"","_themeisle_gutenberg_block_has_review":false,"footnotes":""},"class_list":["post-102","page","type-page","status-publish","has-post-thumbnail","hentry"],"_links":{"self":[{"href":"https:\/\/projetocasademaria.com\/index.php\/wp-json\/wp\/v2\/pages\/102","targetHints":{"allow":["GET"]}}],"collection":[{"href":"https:\/\/projetocasademaria.com\/index.php\/wp-json\/wp\/v2\/pages"}],"about":[{"href":"https:\/\/projetocasademaria.com\/index.php\/wp-json\/wp\/v2\/types\/page"}],"author":[{"embeddable":true,"href":"https:\/\/projetocasademaria.com\/index.php\/wp-json\/wp\/v2\/users\/3"}],"replies":[{"embeddable":true,"href":"https:\/\/projetocasademaria.com\/index.php\/wp-json\/wp\/v2\/comments?post=102"}],"version-history":[{"count":33,"href":"https:\/\/projetocasademaria.com\/index.php\/wp-json\/wp\/v2\/pages\/102\/revisions"}],"predecessor-version":[{"id":754,"href":"https:\/\/projetocasademaria.com\/index.php\/wp-json\/wp\/v2\/pages\/102\/revisions\/754"}],"wp:featuredmedia":[{"embeddable":true,"href":"https:\/\/projetocasademaria.com\/index.php\/wp-json\/wp\/v2\/media\/212"}],"wp:attachment":[{"href":"https:\/\/projetocasademaria.com\/index.php\/wp-json\/wp\/v2\/media?parent=102"}],"curies":[{"name":"wp","href":"https:\/\/api.w.org\/{rel}","templated":true}]}}